z + 192 = 84. Suppose -5*h + 149 + 191 = 0. What is the remainder when h is divided by u?
20
Let i = 229 + -216. Suppose 24*o = i*o + 319. Calculate the remainder when 103 is divided by o.
16
Let q(g) = -g**3 + 16*g**2 - 16*g + 17. Suppose -l - 6 = -21. Let u be q(l). Suppose 2*d + u*d - 128 = 0. What is the remainder when 60 is divided by d?
28
Let j(n) = n**3 - 6*n**2 + 25*n - 304. Calculate the remainder when 379 is divided by j(8).
19
Let g(r) = 8*r - 143. Let i be (-8 - (-228)/30)/(3/(-150)). What is the remainder when 27 is divided by g(i)?
10
Suppose 2*s = -v + 580, -4*v + 2324 = s - 31. What is the remainder when 604 is divided by v?
14
Let l(g) = g**3 + 14*g**2 + 12*g + 2. Let a be (-51)/4 - (-4)/64*-4. What is the remainder when l(a) is divided by 2?
1
Let x = -1289 - -729. Let d = 636 + x. Calculate the remainder when 296 is divided by d.
68
Suppose -132 = -4*f + 23*b - 27*b, -3*f = -2*b - 99. What is the remainder when 3561 is divided by f?
30
Let f(o) = o**3 + 11*o**2 - 15*o - 8. Suppose 2*s = 11 - 3, s - 709 = 5*j. Let y = 223 + j. What is the remainder when y is divided by f(-12)?
26
Let h = 1286 - 667. Suppose 176*l - 682 = 165*l. What is the remainder when h is divided by l?
61
Let j(x) = -2*x**2 + 339*x - 8615. Suppose -2*v = 4*r - 27 - 19, 0 = 2*r - v - 13. Calculate the remainder when j(138) is divided by r.
7
Suppose -5*u + 27 + 48 = 0. Suppose -12*h - 45 = -u*h. Calculate the remainder when h is divided by (2/5 + 12/20)*3.
0
Let s = -72 - -92. Let v(m) = 3*m**3 + 32 - 52 + s*m**2 - 2*m**3 + 33*m. What is the remainder when 135 is divided by v(-18)?
33
Suppose -4227 = 43*m - 14435 - 27202. Calculate the remainder when m is divided by 145.
0
Suppose 7504 = 35*j - 20251. What is the remainder when j is divided by 88?
1
Let i be (-2)/((-145)/(-20) - 7). Suppose -7 - 23 = -2*m. Let s = m + i. What is the remainder when 12 is divided by s?
5
Suppose 5*d - 14 = r - 4*r, -5*r + 14 = -d. Suppose h - 32 - 13 = 0. What is the remainder when h is divided by (-3 - d)/(-2 - (-9)/6)?
5
Let r(b) = 24*b + 158. Calculate the remainder when r(26) is divided by 6.
2
Suppose 2*o - 2*u - 238 = -0*u, -5*o + 591 = -3*u. Let i be 8/(-10)*65/(-26). Calculate the remainder when o is divided by ((-7)/(-21))/(i/240).
37
Suppose 0 = -5*v, 0 = 4*l - 5*l - 3*v + 63. Suppose l = x + 3*c, 7*x - 225 = 2*x + 3*c. Suppose -x = 37*h - 41*h. What is the remainder when 34 is divided by h?
10
Suppose 105*w - 1083 - 1296 = -699. Let u = -283 + 435. What is the remainder when u is divided by w?
8
Suppose 81*c + 38*c - 2715 = 2878. Calculate the remainder when 7141 is divided by c.
44
Suppose 2*f = -f + 189. Suppose 0 = 3*y - 28*y + 325. What is the remainder when f is divided by (-126)/(-10) - y/(715/(-22))?
11
Suppose l - 36 = -l. Let d be (-3 - -1) + (-16 - 242). Let x = 473 + d. Calculate the remainder when x is divided by l.
15
Let n = -4 - -8. Let i(o) be the first derivative of 4*o**3/3 + o**2 - 7*o + 154. Calculate the remainder when i(n) is divided by 22.
21
Let j(s) = 9*s - 44. Let l be j(5). What is the remainder when (-4 - 2)*l*(-91)/14 is divided by 16?
7
Let d = 26418 + -19332. Calculate the remainder when d is divided by 18.
12
Let k = 2403 + -2391. Calculate the remainder when 108 is divided by k.
0
Let f(t) = -25*t**2 + 17*t - 45. Let a(v) = -v**2 - v + 1. Let p(j) = 5*a(j) - f(j). Calculate the remainder when p(5) is divided by 89.
84
Suppose -4*v + 5*v - 110 = 0. Let o = -904 + 941. Calculate the remainder when v is divided by o.
36
Let h(q) = 133*q - 635. What is the remainder when 1466 is divided by h(5)?
26
Let t = -24 + 33. Suppose -o - 7*s + 27 = -t*s, 2*o - 24 = -2*s. What is the remainder when 82 is divided by o?
14
Let u = 370 - 365. Calculate the remainder when 314 is divided by 61 - u/((-25)/(-40)).
49
Let z(v) = 14*v + 10. Calculate the remainder when 65 is divided by z(0).
5
Suppose -3*u + 22 - 1 = 0. Let l = 12 - u. Suppose l*f + 37 = 6*f. What is the remainder when f is divided by 13?
11
Suppose -85 = -5*d - 5*b, -d - 159 = -b - 188. Let g = 2 + -2. Let t = 6 - g. What is the remainder when d is divided by t?
5
What is the remainder when 6037 is divided by (-178)/(-9) + (-1372)/(-2772) + 15/(-55)?
17
Suppose -2*l = 4*f - 1236, 3*l = -2*f + 516 + 1342. What is the remainder when l is divided by 200?
20
Suppose -18*a + 40*a - 37532 = 0. What is the remainder when a is divided by 30?
26
Suppose 0 = 1816*z - 1803*z - 7540. What is the remainder when z is divided by 21?
13
Suppose 3*d - 8 = 7*d, -3*p = -2*d - 15838. What is the remainder when p is divided by 40?
38
Suppose -152*a - 96*a + 10206 = -86*a. Calculate the remainder when a is divided by 31.
1
Suppose 8*t - 10*t = 5*o - 8, 4*o + 8 = 0. Let y(f) = 3*f**2 - 27*f + 6. What is the remainder when 197 is divided by y(t)?
5
Let d(x) = -31*x + 38. Let t be d(-22). Suppose 595 = 5*z - 2*b - 305, 4*z = -b + t. What is the remainder when z is divided by 23?
19
Suppose 0 = l + 2*p - 994, 763 = 2*l - 3*p - 1176. Calculate the remainder when l is divided by 121.
12
Let m = 176 - 173. Suppose -t - m = -110. Calculate the remainder when t is divided by 12.
11
Suppose 3*n = -2*n + 55. Let l(y) = -13 - 13 + 16*y - 18 - y**2 + 28. Calculate the remainder when l(n) is divided by 14.
11
Let h = 52 + -37. Let i = 604 + -533. Calculate the remainder when i is divided by h.
11
Suppose -31*j + 158905 = -92133. Calculate the remainder when j is divided by 15.
13
Calculate the remainder when -6 + 8 + (1997/7 - 12/42) is divided by 14.
7
Let g(t) = t**3 + 27*t**2 - 2*t + 57. Let j(n) = 7*n - 62. Let a be j(5). Calculate the remainder when g(a) is divided by (-2)/(-6) + 47/3.
15
Suppose -20*p + 2700 = 1000. Calculate the remainder when 246 is divided by p.
76
Suppose 5291 = 4*f + 3*t - 1810, -2*f + 3578 = -4*t. What is the remainder when f is divided by 66?
63
Let l be 4*(-5 + (-118)/(-4)). Suppose 358 = 5*a - 3*x, 2*a + 281 = 6*a + 3*x. Suppose 0 = 99*o - l*o - a. What is the remainder when o is divided by 9?
8
Let k(t) = -13*t + 99. Let s(x) = x**3 - 11*x**2 - 15*x + 6. Let y be s(12). What is the remainder when k(7) is divided by 12/y*(1 - 6)?
0
Suppose 2*b + 2*b = -36. Suppose 5*c = 5*g, 0 = 5*c - 3*g + 4*g + 6. Calculate the remainder when ((-10)/6 - c)/(b/729) is divided by 20.
14
Let m = 2761 - -3151. What is the remainder when m is divided by 73?
72
Let a = -1356 - -1385. What is the remainder when 78 is divided by a?
20
Let t(d) = 202*d - 2373. Calculate the remainder when t(14) is divided by 114.
113
Let p = -440 - 2894. What is the remainder when p/(-28) - 56/784 is divided by 6?
5
Suppose 4*j - 418 = 79*o - 81*o, -369 = -4*j + 5*o. Calculate the remainder when 165 is divided by j.
64
Suppose -2*i - 173 = -5*f, -f + 44*i - 49*i = -13. Suppose f*n - 437 + 41 = 0. What is the remainder when 81 is divided by n?
9
Let n = -7282 - -7322. Let r(z) = -3*z - 5. Calculate the remainder when n is divided by r(-6).
1
What is the remainder when 5031 is divided by (-5)/(-2)*(-3 - -1) + 22?
16
Suppose -156 = -3*q - q - 4*k, -5*k = -3*q + 133. What is the remainder when 1110/7 - 6/(-14) is divided by q?
36
Let z = -10972 + 11914. Calculate the remainder when z is divided by 228.
30
Calculate the remainder when -8 - (-2765)/7 - ((-3)/(-3) + 2) is divided by 106.
66
Suppose -3*h - 47 = -47. Calculate the remainder when (-3)/1 - (3 - (19 + h)) is divided by 8.
5
Let c(w) = -w**3 - 5*w**2 + 34*w - 15. Suppose -31 + 49 = -2*a. Calculate the remainder when c(a) is divided by (-36)/(-21) - (-2)/7.
1
Let o = -130 - -144. Let z = o - -170. What is the remainder when z is divided by 47?
43
Let w be 1/(-3) - 8/(-12)*-163. Let j = w + 186. Let p = -37 + j. Calculate the remainder when 158 is divided by p.
38
What is the remainder when 1352/2*((-12 - -3) + (-19)/(-2)) is divided by 85?
83
Let r(x) = x**2 + 5*x + 7. Let w be r(-4). Suppose v + 92 = w*v. Suppose -43*j + v = -41*j. Calculate the remainder when j is divided by 8.
7
Let q = -16069 + 16313. What is the remainder when 509 is divided by q?
21
Let c = 163 + -49. Let m = c - 37. Let j = -568 - -581. Calculate the remainder when m is divided by j.
12
Let i(b) = -12 + 6 + 31 - 2*b + 29. Let u be i(22). What is the remainder when u/35 + 808/14 is divided by 15?
13